{"id":63,"date":"2022-10-29T21:32:53","date_gmt":"2022-10-29T21:32:53","guid":{"rendered":"https:\/\/xn--elrincndemargi-qob.com\/?page_id=63"},"modified":"2024-09-22T20:52:31","modified_gmt":"2024-09-22T20:52:31","slug":"capitana-errante","status":"publish","type":"page","link":"https:\/\/xn--elrincndemargi-qob.com\/index.php\/capitana-errante\/","title":{"rendered":"Capitana errante"},"content":{"rendered":"\t\t<div data-elementor-type=\"wp-page\" data-elementor-id=\"63\" class=\"elementor elementor-63\">\n\t\t\t\t\t\t<section class=\"elementor-section elementor-top-section elementor-element elementor-element-291982e elementor-section-boxed elementor-section-height-default elementor-section-height-default\" data-id=\"291982e\" data-element_type=\"section\" data-e-type=\"section\">\n\t\t\t\t\t\t<div class=\"elementor-container elementor-column-gap-default\">\n\t\t\t\t\t<div class=\"elementor-column elementor-col-100 elementor-top-column elementor-element elementor-element-9ca8de8\" data-id=\"9ca8de8\" data-element_type=\"column\" data-e-type=\"column\">\n\t\t\t<div class=\"elementor-widget-wrap elementor-element-populated\">\n\t\t\t\t\t\t<div class=\"elementor-element elementor-element-75b8231 elementor-widget elementor-widget-image\" data-id=\"75b8231\" data-element_type=\"widget\" data-e-type=\"widget\" data-widget_type=\"image.default\">\n\t\t\t\t<div class=\"elementor-widget-container\">\n\t\t\t\t\t\t\t\t\t\t\t\t\t\t\t<img decoding=\"async\" src=\"https:\/\/xn--elrincndemargi-qob.com\/wp-content\/plugins\/elementor\/assets\/images\/placeholder.png\" title=\"\" alt=\"\" loading=\"lazy\" \/>\t\t\t\t\t\t\t\t\t\t\t\t\t\t\t<\/div>\n\t\t\t\t<\/div>\n\t\t\t\t\t<\/div>\n\t\t<\/div>\n\t\t\t\t\t<\/div>\n\t\t<\/section>\n\t\t\t\t<section class=\"elementor-section elementor-top-section elementor-element elementor-element-db24aba elementor-section-boxed elementor-section-height-default elementor-section-height-default\" data-id=\"db24aba\" data-element_type=\"section\" data-e-type=\"section\">\n\t\t\t\t\t\t<div class=\"elementor-container elementor-column-gap-default\">\n\t\t\t\t\t<div class=\"elementor-column elementor-col-100 elementor-top-column elementor-element elementor-element-a6f6381\" data-id=\"a6f6381\" data-element_type=\"column\" data-e-type=\"column\">\n\t\t\t<div class=\"elementor-widget-wrap elementor-element-populated\">\n\t\t\t\t\t\t<div class=\"elementor-element elementor-element-b6431d3 elementor-widget elementor-widget-text-editor\" data-id=\"b6431d3\" data-element_type=\"widget\" data-e-type=\"widget\" data-widget_type=\"text-editor.default\">\n\t\t\t\t<div class=\"elementor-widget-container\">\n\t\t\t\t\t\t\t\t\t<p><span style=\"font-weight: 400;\">Un texto corto que escrib\u00ed pensando en mi mam\u00e1, expresa los sentimientos de una persona perdida y llena de frustraci\u00f3n por su deseo de ser escritora por medio de una met\u00e1fora sobre el mar.<\/span><\/p><p><span style=\"font-weight: 400;\">Fue publicado por la revista Entre Par\u00e9ntesis en septiembre del 2020 en su n\u00famero 68.<\/span><\/p>\t\t\t\t\t\t\t\t<\/div>\n\t\t\t\t<\/div>\n\t\t\t\t\t<\/div>\n\t\t<\/div>\n\t\t\t\t\t<\/div>\n\t\t<\/section>\n\t\t\t\t<section class=\"elementor-section elementor-top-section elementor-element elementor-element-5948084 elementor-section-boxed elementor-section-height-default elementor-section-height-default\" data-id=\"5948084\" data-element_type=\"section\" data-e-type=\"section\">\n\t\t\t\t\t\t<div class=\"elementor-container elementor-column-gap-default\">\n\t\t\t\t\t<div class=\"elementor-column elementor-col-100 elementor-top-column elementor-element elementor-element-f7c2bb3\" data-id=\"f7c2bb3\" data-element_type=\"column\" data-e-type=\"column\">\n\t\t\t<div class=\"elementor-widget-wrap elementor-element-populated\">\n\t\t\t\t\t\t<div class=\"elementor-element elementor-element-56a73d7 elementor-widget elementor-widget-heading\" data-id=\"56a73d7\" data-element_type=\"widget\" data-e-type=\"widget\" data-widget_type=\"heading.default\">\n\t\t\t\t<div class=\"elementor-widget-container\">\n\t\t\t\t\t<h4 class=\"elementor-heading-title elementor-size-default\">Capitana errante<\/h4>\t\t\t\t<\/div>\n\t\t\t\t<\/div>\n\t\t\t\t<div class=\"elementor-element elementor-element-5fcb350 elementor-widget elementor-widget-text-editor\" data-id=\"5fcb350\" data-element_type=\"widget\" data-e-type=\"widget\" data-widget_type=\"text-editor.default\">\n\t\t\t\t<div class=\"elementor-widget-container\">\n\t\t\t\t\t\t\t\t\t<p><span style=\"font-weight: 400;\">\u201cNo puedes hacerlo sola\u201d ya hasta memoric\u00e9 esa t\u00edpica frase como si fuera un tatuaje que mi consciencia lee de mi brazo cuando no est\u00e1s para dec\u00edrmelo, con esa voz penetrante en mis t\u00edmpanos como \u00e1cido que me desintegra por dentro, tratando de inmovilizarme, reduci\u00e9ndome a un vegetal por cre\u00e9rmelo, esas palabras son balas que me trago y con las que me ahogo.\u00a0<\/span><\/p><p><span style=\"font-weight: 400;\">Pero t\u00fa no sabes c\u00f3mo me siento, no ves en mi interior la tormenta por la que me fuerzo a no ser un vegetal. Parece que no importa si me he sentido confiada y guiada por mi br\u00fajula interna en el pasado, puesto que me haces cuestionarme si no estoy dando vueltas en c\u00edrculo, sin rumbo, como un ama errante que teme que hayas tenido la raz\u00f3n.\u00a0<\/span><\/p><p><span style=\"font-weight: 400;\">Lo peor es que no s\u00f3lo dificultas mi fuerza de voluntad para seguir, sino que adem\u00e1s est\u00e1s llenando de combustible mi coraz\u00f3n y lo haces arder en llamas de un dolor que te permito y con el que me auto-flagelo. Dices que todo lo que haces es por mi bien, pero \u00bfQu\u00e9 no ves que me lastima tu falta de fe? Por m\u00e1s que digas que es la ruta que recorro de la que desconf\u00edas, realmente siento que es en m\u00ed en quien no crees para sobrevivir en ese entorno salvaje.\u00a0<\/span><\/p><p><span style=\"font-weight: 400;\">Perd\u00f3name por no querer seguir la ruta de todos los dem\u00e1s, s\u00e9 que la m\u00eda es m\u00e1s cruel, que son aguas fantasmales donde s\u00f3lo me acompa\u00f1a un sol abrazador que me quema desde la piel hasta los huesos. Estar\u00eda mintiendo si te dijera que no hay veces en las que me gustar\u00eda que la vida fuera m\u00e1s sencilla, confieso que he querido ser como todos los dem\u00e1s, as\u00ed tal vez no sufrir\u00eda, quiz\u00e1s confiar\u00edas en m\u00ed y dejar\u00edamos de pelear todo el tiempo por mi rebeld\u00eda. Pero es que por m\u00e1s que he intentado seguir la corriente no lo he conseguido: hay demonios en mi cabeza que me arrastran a un abismo de ansiedad y depresi\u00f3n cuando lo intento, aunque por fuera lo intente ocultar. A veces siento que hay algo malo conmigo, como si me hubiera averiado y entonces lamento c\u00f3mo soy.\u00a0<\/span><\/p><p><span style=\"font-weight: 400;\">S\u00e9 que sentir\u00edas m\u00e1s seguridad si no estuviera sola, pero ve a mi alrededor y resp\u00f3ndeme \u00bfA qui\u00e9n m\u00e1s tengo para pintar este dif\u00edcil sue\u00f1o en mi realidad? A nadie, s\u00f3lo me tengo a m\u00ed, s\u00f3lo soy yo, capitaneando este fr\u00e1gil nav\u00edo, viajando en este mar infinito, tratando de encontrar mis tesoros ocultos en islas. A veces tengo buenos viajes y a veces no entiendo de d\u00f3nde vengo y me confundo sobre a d\u00f3nde voy, y el s\u00f3lo pensar en la angustia que te provoco por mi paradero no me ayuda a dejar de temerle a las aguas que navego.\u00a0<\/span><\/p><p><span style=\"font-weight: 400;\">Qued\u00e9 varada en una isla desierta, tratando de arreglar mi nav\u00edo descompuesto, mirando con ilusi\u00f3n hacia el oc\u00e9ano, a la espera de ver las luces de los barcos pasar apuntando hacia m\u00ed, porque sab\u00edan que exist\u00eda y del sue\u00f1o que usaba para hacerles llover colores que puedan llevarse al amargo y deprimente gris que les consum\u00eda, y a m\u00ed me sacarme de este aislamiento al darme el ingenio para navegar nuevamente.\u00a0<\/span><\/p><p><span style=\"font-weight: 400;\">Pero no me fue f\u00e1cil salvarme de la isla, viv\u00ed como una man\u00edaco depresiva que luchaba por mantenerse fuera de su letal oscuridad, en donde era la peor artista que ha pisado jam\u00e1s el planeta Tierra. Intentaba que la confianza que ten\u00eda hacia m\u00ed pudiera ser suficiente para no ser un vegetal, que incluso pudiera compensar la que t\u00fa no parec\u00edas tenerme, pero me enterraba en proyectos que deb\u00eda acabar: aventuras que no parecen dar con la \u201cx\u201d roja en la arena para desenterrar su tesoro, y los rechazos de cada p\u00e1gina que intentaba sacar no me daban una visi\u00f3n m\u00e1s objetivamente positiva de esta realidad. Esta realidad de soledad donde solo quer\u00eda la pintura hecha, mis colores difundidos hacia los dem\u00e1s, y las luces c\u00e1lidas de los barcos sobre mi piel que desde el mar me dec\u00edan: \u201cLo conseguiste\u201d.\u00a0<\/span><\/p><p><span style=\"font-weight: 400;\">Esa fue s\u00f3lo una de muchas veces que repar\u00e9 mi barco, recientemente desenterr\u00e9 algunos tesoros y pens\u00e9 en ti, espero sean una joya que puedas lucir con orgullo y te permitan confiar en que puedo sobrevivir. Hoy estoy volviendo a navegar, y el s\u00f3lo saber que esta vez te llevo en mi coraz\u00f3n como una compa\u00f1\u00eda fiel para alentarme, me hace sentir que por primera vez no estoy sola en un mar gris que se debate entre la calma y la tempestad. <\/span><\/p>\t\t\t\t\t\t\t\t<\/div>\n\t\t\t\t<\/div>\n\t\t\t\t\t<\/div>\n\t\t<\/div>\n\t\t\t\t\t<\/div>\n\t\t<\/section>\n\t\t\t\t<\/div>\n\t\t","protected":false},"excerpt":{"rendered":"<p>Un texto corto que escrib\u00ed pensando en mi mam\u00e1, expresa los sentimientos de una persona perdida y llena de frustraci\u00f3n por su deseo de ser escritora por medio de una met\u00e1fora sobre el mar. Fue publicado por la revista Entre Par\u00e9ntesis en septiembre del 2020 en su n\u00famero 68. Capitana errante \u201cNo puedes hacerlo sola\u201d [&hellip;]<\/p>\n","protected":false},"author":1,"featured_media":0,"parent":0,"menu_order":0,"comment_status":"closed","ping_status":"closed","template":"","meta":{"om_disable_all_campaigns":false,"_monsterinsights_skip_tracking":false,"_monsterinsights_sitenote_active":false,"_monsterinsights_sitenote_note":"","_monsterinsights_sitenote_category":0,"footnotes":""},"class_list":["post-63","page","type-page","status-publish","hentry"],"aioseo_notices":[],"_links":{"self":[{"href":"https:\/\/xn--elrincndemargi-qob.com\/index.php\/wp-json\/wp\/v2\/pages\/63","targetHints":{"allow":["GET"]}}],"collection":[{"href":"https:\/\/xn--elrincndemargi-qob.com\/index.php\/wp-json\/wp\/v2\/pages"}],"about":[{"href":"https:\/\/xn--elrincndemargi-qob.com\/index.php\/wp-json\/wp\/v2\/types\/page"}],"author":[{"embeddable":true,"href":"https:\/\/xn--elrincndemargi-qob.com\/index.php\/wp-json\/wp\/v2\/users\/1"}],"replies":[{"embeddable":true,"href":"https:\/\/xn--elrincndemargi-qob.com\/index.php\/wp-json\/wp\/v2\/comments?post=63"}],"version-history":[{"count":25,"href":"https:\/\/xn--elrincndemargi-qob.com\/index.php\/wp-json\/wp\/v2\/pages\/63\/revisions"}],"predecessor-version":[{"id":2812,"href":"https:\/\/xn--elrincndemargi-qob.com\/index.php\/wp-json\/wp\/v2\/pages\/63\/revisions\/2812"}],"wp:attachment":[{"href":"https:\/\/xn--elrincndemargi-qob.com\/index.php\/wp-json\/wp\/v2\/media?parent=63"}],"curies":[{"name":"wp","href":"https:\/\/api.w.org\/{rel}","templated":true}]}}