{"id":2893,"date":"2024-11-23T04:10:51","date_gmt":"2024-11-23T04:10:51","guid":{"rendered":"https:\/\/xn--elrincndemargi-qob.com\/?page_id=2893"},"modified":"2026-01-06T05:42:07","modified_gmt":"2026-01-06T05:42:07","slug":"mis-libros","status":"publish","type":"page","link":"https:\/\/xn--elrincndemargi-qob.com\/index.php\/mis-libros\/","title":{"rendered":"Mis libros"},"content":{"rendered":"\t\t<div data-elementor-type=\"wp-page\" data-elementor-id=\"2893\" class=\"elementor elementor-2893\">\n\t\t\t\t\t\t<section class=\"elementor-section elementor-top-section elementor-element elementor-element-033273e elementor-section-boxed elementor-section-height-default elementor-section-height-default\" data-id=\"033273e\" data-element_type=\"section\" data-e-type=\"section\">\n\t\t\t\t\t\t<div class=\"elementor-container elementor-column-gap-default\">\n\t\t\t\t\t<div class=\"elementor-column elementor-col-100 elementor-top-column elementor-element elementor-element-de8979c\" data-id=\"de8979c\" data-element_type=\"column\" data-e-type=\"column\">\n\t\t\t<div class=\"elementor-widget-wrap elementor-element-populated\">\n\t\t\t\t\t\t<div class=\"elementor-element elementor-element-8916c98 elementor-widget elementor-widget-heading\" data-id=\"8916c98\" data-element_type=\"widget\" data-e-type=\"widget\" data-widget_type=\"heading.default\">\n\t\t\t\t<div class=\"elementor-widget-container\">\n\t\t\t\t\t<h4 class=\"elementor-heading-title elementor-size-default\">Aqu\u00ed encontrar\u00e1s mis libros, desde lo m\u00e1s reciente hasta lo m\u00e1s antiguo:<\/h4>\t\t\t\t<\/div>\n\t\t\t\t<\/div>\n\t\t\t\t\t<\/div>\n\t\t<\/div>\n\t\t\t\t\t<\/div>\n\t\t<\/section>\n\t\t\t\t<section class=\"elementor-section elementor-top-section elementor-element elementor-element-e59cc4a elementor-section-boxed elementor-section-height-default elementor-section-height-default\" data-id=\"e59cc4a\" data-element_type=\"section\" data-e-type=\"section\">\n\t\t\t\t\t\t<div class=\"elementor-container elementor-column-gap-default\">\n\t\t\t\t\t<div class=\"elementor-column elementor-col-50 elementor-top-column elementor-element elementor-element-b6f0c08\" data-id=\"b6f0c08\" data-element_type=\"column\" data-e-type=\"column\">\n\t\t\t<div class=\"elementor-widget-wrap elementor-element-populated\">\n\t\t\t\t\t\t<div class=\"elementor-element elementor-element-3837ae6 elementor-widget elementor-widget-image\" data-id=\"3837ae6\" data-element_type=\"widget\" data-e-type=\"widget\" data-widget_type=\"image.default\">\n\t\t\t\t<div class=\"elementor-widget-container\">\n\t\t\t\t\t\t\t\t\t\t\t\t\t\t\t<img fetchpriority=\"high\" decoding=\"async\" width=\"580\" height=\"928\" src=\"https:\/\/xn--elrincndemargi-qob.com\/wp-content\/uploads\/2025\/12\/Monocrosmos_Volumen-2_Portada_Mesa-de-trabajo-1-640x1024.jpg\" class=\"attachment-large size-large wp-image-3089\" alt=\"\" srcset=\"https:\/\/xn--elrincndemargi-qob.com\/wp-content\/uploads\/2025\/12\/Monocrosmos_Volumen-2_Portada_Mesa-de-trabajo-1-640x1024.jpg 640w, https:\/\/xn--elrincndemargi-qob.com\/wp-content\/uploads\/2025\/12\/Monocrosmos_Volumen-2_Portada_Mesa-de-trabajo-1-187x300.jpg 187w, https:\/\/xn--elrincndemargi-qob.com\/wp-content\/uploads\/2025\/12\/Monocrosmos_Volumen-2_Portada_Mesa-de-trabajo-1-768x1229.jpg 768w, https:\/\/xn--elrincndemargi-qob.com\/wp-content\/uploads\/2025\/12\/Monocrosmos_Volumen-2_Portada_Mesa-de-trabajo-1-960x1536.jpg 960w, https:\/\/xn--elrincndemargi-qob.com\/wp-content\/uploads\/2025\/12\/Monocrosmos_Volumen-2_Portada_Mesa-de-trabajo-1-1280x2048.jpg 1280w, https:\/\/xn--elrincndemargi-qob.com\/wp-content\/uploads\/2025\/12\/Monocrosmos_Volumen-2_Portada_Mesa-de-trabajo-1-1200x1920.jpg 1200w, https:\/\/xn--elrincndemargi-qob.com\/wp-content\/uploads\/2025\/12\/Monocrosmos_Volumen-2_Portada_Mesa-de-trabajo-1-1980x3168.jpg 1980w, https:\/\/xn--elrincndemargi-qob.com\/wp-content\/uploads\/2025\/12\/Monocrosmos_Volumen-2_Portada_Mesa-de-trabajo-1-scaled.jpg 1600w\" sizes=\"(max-width: 580px) 100vw, 580px\" \/>\t\t\t\t\t\t\t\t\t\t\t\t\t\t\t<\/div>\n\t\t\t\t<\/div>\n\t\t\t\t<div class=\"elementor-element elementor-element-9832286 elementor-align-center elementor-widget elementor-widget-button\" data-id=\"9832286\" data-element_type=\"widget\" data-e-type=\"widget\" data-widget_type=\"button.default\">\n\t\t\t\t<div class=\"elementor-widget-container\">\n\t\t\t\t\t\t\t\t\t<div class=\"elementor-button-wrapper\">\n\t\t\t\t\t<a class=\"elementor-button elementor-button-link elementor-size-sm\" href=\"https:\/\/www.amazon.com.mx\/dp\/B0GBNXK971\">\n\t\t\t\t\t\t<span class=\"elementor-button-content-wrapper\">\n\t\t\t\t\t\t\t\t\t<span class=\"elementor-button-text\">Puedes encontrarlo aqu\u00ed<\/span>\n\t\t\t\t\t<\/span>\n\t\t\t\t\t<\/a>\n\t\t\t\t<\/div>\n\t\t\t\t\t\t\t\t<\/div>\n\t\t\t\t<\/div>\n\t\t\t\t\t<\/div>\n\t\t<\/div>\n\t\t\t\t<div class=\"elementor-column elementor-col-50 elementor-top-column elementor-element elementor-element-13893d8\" data-id=\"13893d8\" data-element_type=\"column\" data-e-type=\"column\">\n\t\t\t<div class=\"elementor-widget-wrap elementor-element-populated\">\n\t\t\t\t\t\t<div class=\"elementor-element elementor-element-7fc8344 elementor-widget elementor-widget-heading\" data-id=\"7fc8344\" data-element_type=\"widget\" data-e-type=\"widget\" data-widget_type=\"heading.default\">\n\t\t\t\t<div class=\"elementor-widget-container\">\n\t\t\t\t\t<h4 class=\"elementor-heading-title elementor-size-default\">Monocrosmos, Volumen 2:\nEl origen de la Rana Oscura<\/h4>\t\t\t\t<\/div>\n\t\t\t\t<\/div>\n\t\t\t\t<div class=\"elementor-element elementor-element-e0c8597 elementor-widget elementor-widget-text-editor\" data-id=\"e0c8597\" data-element_type=\"widget\" data-e-type=\"widget\" data-widget_type=\"text-editor.default\">\n\t\t\t\t<div class=\"elementor-widget-container\">\n\t\t\t\t\t\t\t\t\t<p>Mi segunda novela de ciencia ficci\u00f3n.<\/p>\n<p>La segunda parte de la saga Monocrosmos, en esta nueva entrega,&nbsp;<span data-contrast=\"none\" style=\"font-size: inherit; text-align: inherit;\">Coral y sus amigos&nbsp;deben frustrar&nbsp;los proyectos&nbsp;<\/span><i style=\"font-size: inherit; text-align: inherit;\"><span data-contrast=\"none\">Rana Oscura<\/span><\/i><span data-contrast=\"none\" style=\"font-size: inherit; text-align: inherit;\">&nbsp;y&nbsp;<\/span><i style=\"font-size: inherit; text-align: inherit;\"><span data-contrast=\"none\">Temposfera&nbsp;<\/span><\/i><span data-contrast=\"none\" style=\"font-size: inherit; text-align: inherit;\">de&nbsp;Zeth, que aprisionan&nbsp;a&nbsp;los&nbsp;beks&nbsp;para que trabajen la&nbsp;materia&nbsp;oscura,&nbsp;pero&nbsp;todo&nbsp;se complica cuando&nbsp;ella&nbsp;se pierde&nbsp;en la quinta&nbsp;dimensi\u00f3n con un peligroso enemigo de&nbsp;Zeth.<\/span><span data-ccp-props=\"{&quot;201341983&quot;:0,&quot;335551550&quot;:6,&quot;335551620&quot;:6,&quot;335559731&quot;:284,&quot;335559739&quot;:0,&quot;335559740&quot;:360}\" style=\"font-size: inherit; text-align: inherit;\">&nbsp;<\/span><\/p>\n<p><span data-contrast=\"none\">Mientras,&nbsp;Dikran,&nbsp;Resham,&nbsp;Wayra, Flori\u00e1n y&nbsp;Devorah&nbsp;se involucran en una guerra entre&nbsp;beks&nbsp;y valquirias, donde&nbsp;Devorah&nbsp;descubre una vida pasada que ya olvid\u00f3. Eladio conoce la filosof\u00eda del&nbsp;<\/span><i><span data-contrast=\"none\">N\u00e1kar&nbsp;Negro<\/span><\/i><span data-contrast=\"none\">&nbsp;y Brunilda comienza la Academia en el ex\u00f3tico planeta&nbsp;<\/span><i><span data-contrast=\"none\">Theberix.<\/span><\/i><span data-ccp-props=\"{&quot;201341983&quot;:0,&quot;335551550&quot;:6,&quot;335551620&quot;:6,&quot;335559731&quot;:284,&quot;335559739&quot;:0,&quot;335559740&quot;:360}\">&nbsp;<\/span><\/p>\t\t\t\t\t\t\t\t<\/div>\n\t\t\t\t<\/div>\n\t\t\t\t\t<\/div>\n\t\t<\/div>\n\t\t\t\t\t<\/div>\n\t\t<\/section>\n\t\t\t\t<section class=\"elementor-section elementor-top-section elementor-element elementor-element-857cfd6 elementor-section-boxed elementor-section-height-default elementor-section-height-default\" data-id=\"857cfd6\" data-element_type=\"section\" data-e-type=\"section\">\n\t\t\t\t\t\t<div class=\"elementor-container elementor-column-gap-default\">\n\t\t\t\t\t<div class=\"elementor-column elementor-col-50 elementor-top-column elementor-element elementor-element-a8582d4\" data-id=\"a8582d4\" data-element_type=\"column\" data-e-type=\"column\">\n\t\t\t<div class=\"elementor-widget-wrap elementor-element-populated\">\n\t\t\t\t\t\t<div class=\"elementor-element elementor-element-ff45102 elementor-widget elementor-widget-heading\" data-id=\"ff45102\" data-element_type=\"widget\" data-e-type=\"widget\" data-widget_type=\"heading.default\">\n\t\t\t\t<div class=\"elementor-widget-container\">\n\t\t\t\t\t<h4 class=\"elementor-heading-title elementor-size-default\">Arte para mi depresi\u00f3n: El arte para la salud mental y la prevenci\u00f3n del suicidio<\/h4>\t\t\t\t<\/div>\n\t\t\t\t<\/div>\n\t\t\t\t<div class=\"elementor-element elementor-element-d5c3770 elementor-widget elementor-widget-text-editor\" data-id=\"d5c3770\" data-element_type=\"widget\" data-e-type=\"widget\" data-widget_type=\"text-editor.default\">\n\t\t\t\t<div class=\"elementor-widget-container\">\n\t\t\t\t\t\t\t\t\t<p>Este libro investiga a profundidad la salud mental y el suicidio; del mismo modo plantea c\u00f3mo el arte puede ser una herramienta curativa para la depresi\u00f3n y la prevenci\u00f3n del suicidio.\u00a0<\/p><p>Incluye un registro del proceso del blog de autoayuda Arte para mi depresi\u00f3n (Disponible gratuitamente en este sitio web).<\/p>\t\t\t\t\t\t\t\t<\/div>\n\t\t\t\t<\/div>\n\t\t\t\t\t<\/div>\n\t\t<\/div>\n\t\t\t\t<div class=\"elementor-column elementor-col-50 elementor-top-column elementor-element elementor-element-e297291\" data-id=\"e297291\" data-element_type=\"column\" data-e-type=\"column\">\n\t\t\t<div class=\"elementor-widget-wrap elementor-element-populated\">\n\t\t\t\t\t\t<div class=\"elementor-element elementor-element-d7481e4 elementor-widget elementor-widget-image\" data-id=\"d7481e4\" data-element_type=\"widget\" data-e-type=\"widget\" data-widget_type=\"image.default\">\n\t\t\t\t<div class=\"elementor-widget-container\">\n\t\t\t\t\t\t\t\t\t\t\t\t\t\t\t<img decoding=\"async\" width=\"580\" height=\"928\" src=\"https:\/\/xn--elrincndemargi-qob.com\/wp-content\/uploads\/2024\/09\/Arte-para-mi-depresion_Portada-del-ebook_Mesa-de-trabajo-1_Compressed-640x1024.jpg\" class=\"attachment-large size-large wp-image-2763\" alt=\"\" srcset=\"https:\/\/xn--elrincndemargi-qob.com\/wp-content\/uploads\/2024\/09\/Arte-para-mi-depresion_Portada-del-ebook_Mesa-de-trabajo-1_Compressed-640x1024.jpg 640w, https:\/\/xn--elrincndemargi-qob.com\/wp-content\/uploads\/2024\/09\/Arte-para-mi-depresion_Portada-del-ebook_Mesa-de-trabajo-1_Compressed-187x300.jpg 187w, https:\/\/xn--elrincndemargi-qob.com\/wp-content\/uploads\/2024\/09\/Arte-para-mi-depresion_Portada-del-ebook_Mesa-de-trabajo-1_Compressed-768x1229.jpg 768w, https:\/\/xn--elrincndemargi-qob.com\/wp-content\/uploads\/2024\/09\/Arte-para-mi-depresion_Portada-del-ebook_Mesa-de-trabajo-1_Compressed-960x1536.jpg 960w, https:\/\/xn--elrincndemargi-qob.com\/wp-content\/uploads\/2024\/09\/Arte-para-mi-depresion_Portada-del-ebook_Mesa-de-trabajo-1_Compressed-1280x2048.jpg 1280w, https:\/\/xn--elrincndemargi-qob.com\/wp-content\/uploads\/2024\/09\/Arte-para-mi-depresion_Portada-del-ebook_Mesa-de-trabajo-1_Compressed-1200x1920.jpg 1200w, https:\/\/xn--elrincndemargi-qob.com\/wp-content\/uploads\/2024\/09\/Arte-para-mi-depresion_Portada-del-ebook_Mesa-de-trabajo-1_Compressed-1980x3168.jpg 1980w, https:\/\/xn--elrincndemargi-qob.com\/wp-content\/uploads\/2024\/09\/Arte-para-mi-depresion_Portada-del-ebook_Mesa-de-trabajo-1_Compressed-scaled.jpg 1600w\" sizes=\"(max-width: 580px) 100vw, 580px\" \/>\t\t\t\t\t\t\t\t\t\t\t\t\t\t\t<\/div>\n\t\t\t\t<\/div>\n\t\t\t\t<div class=\"elementor-element elementor-element-442b02c elementor-align-center elementor-widget elementor-widget-button\" data-id=\"442b02c\" data-element_type=\"widget\" data-e-type=\"widget\" data-widget_type=\"button.default\">\n\t\t\t\t<div class=\"elementor-widget-container\">\n\t\t\t\t\t\t\t\t\t<div class=\"elementor-button-wrapper\">\n\t\t\t\t\t<a class=\"elementor-button elementor-button-link elementor-size-sm\" href=\"https:\/\/www.amazon.com.mx\/dp\/B0DFGRYJX3\">\n\t\t\t\t\t\t<span class=\"elementor-button-content-wrapper\">\n\t\t\t\t\t\t\t\t\t<span class=\"elementor-button-text\">Puedes encontrarlo aqu\u00ed<\/span>\n\t\t\t\t\t<\/span>\n\t\t\t\t\t<\/a>\n\t\t\t\t<\/div>\n\t\t\t\t\t\t\t\t<\/div>\n\t\t\t\t<\/div>\n\t\t\t\t\t<\/div>\n\t\t<\/div>\n\t\t\t\t\t<\/div>\n\t\t<\/section>\n\t\t\t\t<section class=\"elementor-section elementor-top-section elementor-element elementor-element-804e1f2 elementor-section-boxed elementor-section-height-default elementor-section-height-default\" data-id=\"804e1f2\" data-element_type=\"section\" data-e-type=\"section\">\n\t\t\t\t\t\t<div class=\"elementor-container elementor-column-gap-default\">\n\t\t\t\t\t<div class=\"elementor-column elementor-col-50 elementor-top-column elementor-element elementor-element-5164954\" data-id=\"5164954\" data-element_type=\"column\" data-e-type=\"column\">\n\t\t\t<div class=\"elementor-widget-wrap elementor-element-populated\">\n\t\t\t\t\t\t<div class=\"elementor-element elementor-element-1d7dbfe elementor-widget elementor-widget-image\" data-id=\"1d7dbfe\" data-element_type=\"widget\" data-e-type=\"widget\" data-widget_type=\"image.default\">\n\t\t\t\t<div class=\"elementor-widget-container\">\n\t\t\t\t\t\t\t\t\t\t\t\t\t\t\t<img decoding=\"async\" width=\"580\" height=\"829\" src=\"https:\/\/xn--elrincndemargi-qob.com\/wp-content\/uploads\/2024\/09\/Portada-de-Aclimatacion-corregida.png\" class=\"attachment-large size-large wp-image-2776\" alt=\"\" srcset=\"https:\/\/xn--elrincndemargi-qob.com\/wp-content\/uploads\/2024\/09\/Portada-de-Aclimatacion-corregida.png 700w, https:\/\/xn--elrincndemargi-qob.com\/wp-content\/uploads\/2024\/09\/Portada-de-Aclimatacion-corregida-210x300.png 210w\" sizes=\"(max-width: 580px) 100vw, 580px\" \/>\t\t\t\t\t\t\t\t\t\t\t\t\t\t\t<\/div>\n\t\t\t\t<\/div>\n\t\t\t\t<div class=\"elementor-element elementor-element-b73303c elementor-align-center elementor-widget elementor-widget-button\" data-id=\"b73303c\" data-element_type=\"widget\" data-e-type=\"widget\" data-widget_type=\"button.default\">\n\t\t\t\t<div class=\"elementor-widget-container\">\n\t\t\t\t\t\t\t\t\t<div class=\"elementor-button-wrapper\">\n\t\t\t\t\t<a class=\"elementor-button elementor-button-link elementor-size-sm\" href=\"https:\/\/www.amazon.com.mx\/dp\/B09F2C8P5M\">\n\t\t\t\t\t\t<span class=\"elementor-button-content-wrapper\">\n\t\t\t\t\t\t\t\t\t<span class=\"elementor-button-text\">Puedes encontrarlo aqu\u00ed<\/span>\n\t\t\t\t\t<\/span>\n\t\t\t\t\t<\/a>\n\t\t\t\t<\/div>\n\t\t\t\t\t\t\t\t<\/div>\n\t\t\t\t<\/div>\n\t\t\t\t\t<\/div>\n\t\t<\/div>\n\t\t\t\t<div class=\"elementor-column elementor-col-50 elementor-top-column elementor-element elementor-element-9fcca55\" data-id=\"9fcca55\" data-element_type=\"column\" data-e-type=\"column\">\n\t\t\t<div class=\"elementor-widget-wrap elementor-element-populated\">\n\t\t\t\t\t\t<div class=\"elementor-element elementor-element-e0dcd27 elementor-widget elementor-widget-heading\" data-id=\"e0dcd27\" data-element_type=\"widget\" data-e-type=\"widget\" data-widget_type=\"heading.default\">\n\t\t\t\t<div class=\"elementor-widget-container\">\n\t\t\t\t\t<h4 class=\"elementor-heading-title elementor-size-default\">Monocrosmos Volumen 1: Aclimataci\u00f3n<\/h4>\t\t\t\t<\/div>\n\t\t\t\t<\/div>\n\t\t\t\t<div class=\"elementor-element elementor-element-eda878c elementor-widget elementor-widget-text-editor\" data-id=\"eda878c\" data-element_type=\"widget\" data-e-type=\"widget\" data-widget_type=\"text-editor.default\">\n\t\t\t\t<div class=\"elementor-widget-container\">\n\t\t\t\t\t\t\t\t\t<p>Mi primera novela de ciencia ficci\u00f3n, aborda temas de autodestrucci\u00f3n humana dentro de una historia con diversos personajes que libran batallas en un universo a blanco y negro, quienes se aventuran en viajes espaciales en los que recorren diferentes galaxias, planetas y agujeros negros y blancos.<\/p>\t\t\t\t\t\t\t\t<\/div>\n\t\t\t\t<\/div>\n\t\t\t\t\t<\/div>\n\t\t<\/div>\n\t\t\t\t\t<\/div>\n\t\t<\/section>\n\t\t\t\t<section class=\"elementor-section elementor-top-section elementor-element elementor-element-d0ca537 elementor-section-boxed elementor-section-height-default elementor-section-height-default\" data-id=\"d0ca537\" data-element_type=\"section\" data-e-type=\"section\">\n\t\t\t\t\t\t<div class=\"elementor-container elementor-column-gap-default\">\n\t\t\t\t\t<div class=\"elementor-column elementor-col-100 elementor-top-column elementor-element elementor-element-48abd66\" data-id=\"48abd66\" data-element_type=\"column\" data-e-type=\"column\">\n\t\t\t<div class=\"elementor-widget-wrap elementor-element-populated\">\n\t\t\t\t\t\t<div class=\"elementor-element elementor-element-fa8e80d elementor-widget elementor-widget-text-editor\" data-id=\"fa8e80d\" data-element_type=\"widget\" data-e-type=\"widget\" data-widget_type=\"text-editor.default\">\n\t\t\t\t<div class=\"elementor-widget-container\">\n\t\t\t\t\t\t\t\t\t<h6>\u00a9 Marjaneh Vargas Barajas \u2014 Todos los derechos reservados. | <a href=\"https:\/\/xn--elrincndemargi-qob.com\/index.php\/derechos-de-autor\/\">Derechos de Autor<\/a><\/h6>\t\t\t\t\t\t\t\t<\/div>\n\t\t\t\t<\/div>\n\t\t\t\t\t<\/div>\n\t\t<\/div>\n\t\t\t\t\t<\/div>\n\t\t<\/section>\n\t\t\t\t<\/div>\n\t\t","protected":false},"excerpt":{"rendered":"<p>Aqu\u00ed encontrar\u00e1s mis libros, desde lo m\u00e1s reciente hasta lo m\u00e1s antiguo: Puedes encontrarlo aqu\u00ed Monocrosmos, Volumen 2: El origen de la Rana Oscura Mi segunda novela de ciencia ficci\u00f3n. La segunda parte de la saga Monocrosmos, en esta nueva entrega,&nbsp;Coral y sus amigos&nbsp;deben frustrar&nbsp;los proyectos&nbsp;Rana Oscura&nbsp;y&nbsp;Temposfera&nbsp;de&nbsp;Zeth, que aprisionan&nbsp;a&nbsp;los&nbsp;beks&nbsp;para que trabajen la&nbsp;materia&nbsp;oscura,&nbsp;pero&nbsp;todo&nbsp;se complica cuando&nbsp;ella&nbsp;se pierde&nbsp;en [&hellip;]<\/p>\n","protected":false},"author":1,"featured_media":0,"parent":0,"menu_order":0,"comment_status":"closed","ping_status":"closed","template":"","meta":{"om_disable_all_campaigns":false,"_monsterinsights_skip_tracking":false,"_monsterinsights_sitenote_active":false,"_monsterinsights_sitenote_note":"","_monsterinsights_sitenote_category":0,"footnotes":""},"class_list":["post-2893","page","type-page","status-publish","hentry"],"aioseo_notices":[],"_links":{"self":[{"href":"https:\/\/xn--elrincndemargi-qob.com\/index.php\/wp-json\/wp\/v2\/pages\/2893","targetHints":{"allow":["GET"]}}],"collection":[{"href":"https:\/\/xn--elrincndemargi-qob.com\/index.php\/wp-json\/wp\/v2\/pages"}],"about":[{"href":"https:\/\/xn--elrincndemargi-qob.com\/index.php\/wp-json\/wp\/v2\/types\/page"}],"author":[{"embeddable":true,"href":"https:\/\/xn--elrincndemargi-qob.com\/index.php\/wp-json\/wp\/v2\/users\/1"}],"replies":[{"embeddable":true,"href":"https:\/\/xn--elrincndemargi-qob.com\/index.php\/wp-json\/wp\/v2\/comments?post=2893"}],"version-history":[{"count":16,"href":"https:\/\/xn--elrincndemargi-qob.com\/index.php\/wp-json\/wp\/v2\/pages\/2893\/revisions"}],"predecessor-version":[{"id":3098,"href":"https:\/\/xn--elrincndemargi-qob.com\/index.php\/wp-json\/wp\/v2\/pages\/2893\/revisions\/3098"}],"wp:attachment":[{"href":"https:\/\/xn--elrincndemargi-qob.com\/index.php\/wp-json\/wp\/v2\/media?parent=2893"}],"curies":[{"name":"wp","href":"https:\/\/api.w.org\/{rel}","templated":true}]}}