{"id":2352,"date":"2024-05-14T06:07:51","date_gmt":"2024-05-14T06:07:51","guid":{"rendered":"https:\/\/xn--elrincndemargi-qob.com\/?page_id=2352"},"modified":"2025-06-05T00:55:49","modified_gmt":"2025-06-05T00:55:49","slug":"mis-dibujos","status":"publish","type":"page","link":"https:\/\/xn--elrincndemargi-qob.com\/index.php\/mis-dibujos\/","title":{"rendered":"Mis dibujos"},"content":{"rendered":"\t\t<div data-elementor-type=\"wp-page\" data-elementor-id=\"2352\" class=\"elementor elementor-2352\">\n\t\t\t\t\t\t<section class=\"elementor-section elementor-top-section elementor-element elementor-element-2194ecd elementor-section-boxed elementor-section-height-default elementor-section-height-default\" data-id=\"2194ecd\" data-element_type=\"section\" data-e-type=\"section\">\n\t\t\t\t\t\t<div class=\"elementor-container elementor-column-gap-default\">\n\t\t\t\t\t<div class=\"elementor-column elementor-col-100 elementor-top-column elementor-element elementor-element-4032e75\" data-id=\"4032e75\" data-element_type=\"column\" data-e-type=\"column\">\n\t\t\t<div class=\"elementor-widget-wrap elementor-element-populated\">\n\t\t\t\t\t\t<div class=\"elementor-element elementor-element-b48563e elementor-widget elementor-widget-heading\" data-id=\"b48563e\" data-element_type=\"widget\" data-e-type=\"widget\" data-widget_type=\"heading.default\">\n\t\t\t\t<div class=\"elementor-widget-container\">\n\t\t\t\t\t<h4 class=\"elementor-heading-title elementor-size-default\">Aqu\u00ed podr\u00e1s encontrar todos mis dibujos, desde mi trabajo m\u00e1s reciente hasta el m\u00e1s antiguo.<\/h4>\t\t\t\t<\/div>\n\t\t\t\t<\/div>\n\t\t\t\t\t<\/div>\n\t\t<\/div>\n\t\t\t\t\t<\/div>\n\t\t<\/section>\n\t\t\t\t<section class=\"elementor-section elementor-top-section elementor-element elementor-element-41a0f4c elementor-section-boxed elementor-section-height-default elementor-section-height-default\" data-id=\"41a0f4c\" data-element_type=\"section\" data-e-type=\"section\">\n\t\t\t\t\t\t<div class=\"elementor-container elementor-column-gap-default\">\n\t\t\t\t\t<div class=\"elementor-column elementor-col-50 elementor-top-column elementor-element elementor-element-3b82fe7\" data-id=\"3b82fe7\" data-element_type=\"column\" data-e-type=\"column\">\n\t\t\t<div class=\"elementor-widget-wrap elementor-element-populated\">\n\t\t\t\t\t\t<div class=\"elementor-element elementor-element-0600897 elementor-widget elementor-widget-image\" data-id=\"0600897\" data-element_type=\"widget\" data-e-type=\"widget\" data-widget_type=\"image.default\">\n\t\t\t\t<div class=\"elementor-widget-container\">\n\t\t\t\t\t\t\t\t\t\t\t\t<figure class=\"wp-caption\">\n\t\t\t\t\t\t\t\t\t\t<img fetchpriority=\"high\" decoding=\"async\" width=\"580\" height=\"326\" src=\"https:\/\/xn--elrincndemargi-qob.com\/wp-content\/uploads\/2024\/05\/Mama-mi-planeta-se-poncho-1024x576.jpeg\" class=\"attachment-large size-large wp-image-2334\" alt=\"\" srcset=\"https:\/\/xn--elrincndemargi-qob.com\/wp-content\/uploads\/2024\/05\/Mama-mi-planeta-se-poncho-1024x576.jpeg 1024w, https:\/\/xn--elrincndemargi-qob.com\/wp-content\/uploads\/2024\/05\/Mama-mi-planeta-se-poncho-300x169.jpeg 300w, https:\/\/xn--elrincndemargi-qob.com\/wp-content\/uploads\/2024\/05\/Mama-mi-planeta-se-poncho-768x432.jpeg 768w, https:\/\/xn--elrincndemargi-qob.com\/wp-content\/uploads\/2024\/05\/Mama-mi-planeta-se-poncho-1536x864.jpeg 1536w, https:\/\/xn--elrincndemargi-qob.com\/wp-content\/uploads\/2024\/05\/Mama-mi-planeta-se-poncho-2048x1152.jpeg 2048w, https:\/\/xn--elrincndemargi-qob.com\/wp-content\/uploads\/2024\/05\/Mama-mi-planeta-se-poncho-1200x675.jpeg 1200w, https:\/\/xn--elrincndemargi-qob.com\/wp-content\/uploads\/2024\/05\/Mama-mi-planeta-se-poncho-1980x1114.jpeg 1980w\" sizes=\"(max-width: 580px) 100vw, 580px\" \/>\t\t\t\t\t\t\t\t\t\t\t<figcaption class=\"widget-image-caption wp-caption-text\">T\u00edtulo: Mam\u00e1 mi planeta se ponch\u00f3.\nAutora: Marjaneh Vargas Barajas.\nT\u00e9cnica: Dibujo.\nDimensiones: 24x32 cm.\nA\u00f1o: 2024.<\/figcaption>\n\t\t\t\t\t\t\t\t\t\t<\/figure>\n\t\t\t\t\t\t\t\t\t<\/div>\n\t\t\t\t<\/div>\n\t\t\t\t\t<\/div>\n\t\t<\/div>\n\t\t\t\t<div class=\"elementor-column elementor-col-50 elementor-top-column elementor-element elementor-element-cb08a8b\" data-id=\"cb08a8b\" data-element_type=\"column\" data-e-type=\"column\">\n\t\t\t<div class=\"elementor-widget-wrap elementor-element-populated\">\n\t\t\t\t\t\t<div class=\"elementor-element elementor-element-d0e9ec0 elementor-widget elementor-widget-image\" data-id=\"d0e9ec0\" data-element_type=\"widget\" data-e-type=\"widget\" data-widget_type=\"image.default\">\n\t\t\t\t<div class=\"elementor-widget-container\">\n\t\t\t\t\t\t\t\t\t\t\t\t<figure class=\"wp-caption\">\n\t\t\t\t\t\t\t\t\t\t<img decoding=\"async\" width=\"580\" height=\"364\" src=\"https:\/\/xn--elrincndemargi-qob.com\/wp-content\/uploads\/2024\/05\/Mi-ansiedad-por-el-dinero-1024x642.jpeg\" class=\"attachment-large size-large wp-image-2336\" alt=\"\" srcset=\"https:\/\/xn--elrincndemargi-qob.com\/wp-content\/uploads\/2024\/05\/Mi-ansiedad-por-el-dinero-1024x642.jpeg 1024w, https:\/\/xn--elrincndemargi-qob.com\/wp-content\/uploads\/2024\/05\/Mi-ansiedad-por-el-dinero-300x188.jpeg 300w, https:\/\/xn--elrincndemargi-qob.com\/wp-content\/uploads\/2024\/05\/Mi-ansiedad-por-el-dinero-768x482.jpeg 768w, https:\/\/xn--elrincndemargi-qob.com\/wp-content\/uploads\/2024\/05\/Mi-ansiedad-por-el-dinero-1536x963.jpeg 1536w, https:\/\/xn--elrincndemargi-qob.com\/wp-content\/uploads\/2024\/05\/Mi-ansiedad-por-el-dinero-2048x1284.jpeg 2048w, https:\/\/xn--elrincndemargi-qob.com\/wp-content\/uploads\/2024\/05\/Mi-ansiedad-por-el-dinero-1200x752.jpeg 1200w, https:\/\/xn--elrincndemargi-qob.com\/wp-content\/uploads\/2024\/05\/Mi-ansiedad-por-el-dinero-1980x1241.jpeg 1980w\" sizes=\"(max-width: 580px) 100vw, 580px\" \/>\t\t\t\t\t\t\t\t\t\t\t<figcaption class=\"widget-image-caption wp-caption-text\">T\u00edtulo: Mi ansiedad por el dinero.\nAutora: Marjaneh Vargas Barajas.\nT\u00e9cnica: Dibujo.\nDimensiones: 24x32 cm.\nA\u00f1o: 2024.<\/figcaption>\n\t\t\t\t\t\t\t\t\t\t<\/figure>\n\t\t\t\t\t\t\t\t\t<\/div>\n\t\t\t\t<\/div>\n\t\t\t\t\t<\/div>\n\t\t<\/div>\n\t\t\t\t\t<\/div>\n\t\t<\/section>\n\t\t\t\t<section class=\"elementor-section elementor-top-section elementor-element elementor-element-f9a5e51 elementor-section-boxed elementor-section-height-default elementor-section-height-default\" data-id=\"f9a5e51\" data-element_type=\"section\" data-e-type=\"section\">\n\t\t\t\t\t\t<div class=\"elementor-container elementor-column-gap-default\">\n\t\t\t\t\t<div class=\"elementor-column elementor-col-100 elementor-top-column elementor-element elementor-element-8bc639a\" data-id=\"8bc639a\" data-element_type=\"column\" data-e-type=\"column\">\n\t\t\t<div class=\"elementor-widget-wrap elementor-element-populated\">\n\t\t\t\t\t\t<div class=\"elementor-element elementor-element-25eb1ff elementor-widget elementor-widget-text-editor\" data-id=\"25eb1ff\" data-element_type=\"widget\" data-e-type=\"widget\" data-widget_type=\"text-editor.default\">\n\t\t\t\t<div class=\"elementor-widget-container\">\n\t\t\t\t\t\t\t\t\t<h6>\u00a9 Marjaneh Vargas Barajas \u2014 Todos los derechos reservados. | <a href=\"https:\/\/xn--elrincndemargi-qob.com\/index.php\/derechos-de-autor\/\">Derechos de Autor<\/a><\/h6>\t\t\t\t\t\t\t\t<\/div>\n\t\t\t\t<\/div>\n\t\t\t\t\t<\/div>\n\t\t<\/div>\n\t\t\t\t\t<\/div>\n\t\t<\/section>\n\t\t\t\t<\/div>\n\t\t","protected":false},"excerpt":{"rendered":"<p>Aqu\u00ed podr\u00e1s encontrar todos mis dibujos, desde mi trabajo m\u00e1s reciente hasta el m\u00e1s antiguo. T\u00edtulo: Mam\u00e1 mi planeta se ponch\u00f3. Autora: Marjaneh Vargas Barajas. T\u00e9cnica: Dibujo. Dimensiones: 24&#215;32 cm. A\u00f1o: 2024. T\u00edtulo: Mi ansiedad por el dinero. Autora: Marjaneh Vargas Barajas. T\u00e9cnica: Dibujo. Dimensiones: 24&#215;32 cm. A\u00f1o: 2024. \u00a9 Marjaneh Vargas Barajas \u2014 Todos [&hellip;]<\/p>\n","protected":false},"author":1,"featured_media":0,"parent":0,"menu_order":0,"comment_status":"closed","ping_status":"closed","template":"","meta":{"om_disable_all_campaigns":false,"_monsterinsights_skip_tracking":false,"_monsterinsights_sitenote_active":false,"_monsterinsights_sitenote_note":"","_monsterinsights_sitenote_category":0,"footnotes":""},"class_list":["post-2352","page","type-page","status-publish","hentry"],"aioseo_notices":[],"_links":{"self":[{"href":"https:\/\/xn--elrincndemargi-qob.com\/index.php\/wp-json\/wp\/v2\/pages\/2352","targetHints":{"allow":["GET"]}}],"collection":[{"href":"https:\/\/xn--elrincndemargi-qob.com\/index.php\/wp-json\/wp\/v2\/pages"}],"about":[{"href":"https:\/\/xn--elrincndemargi-qob.com\/index.php\/wp-json\/wp\/v2\/types\/page"}],"author":[{"embeddable":true,"href":"https:\/\/xn--elrincndemargi-qob.com\/index.php\/wp-json\/wp\/v2\/users\/1"}],"replies":[{"embeddable":true,"href":"https:\/\/xn--elrincndemargi-qob.com\/index.php\/wp-json\/wp\/v2\/comments?post=2352"}],"version-history":[{"count":7,"href":"https:\/\/xn--elrincndemargi-qob.com\/index.php\/wp-json\/wp\/v2\/pages\/2352\/revisions"}],"predecessor-version":[{"id":2949,"href":"https:\/\/xn--elrincndemargi-qob.com\/index.php\/wp-json\/wp\/v2\/pages\/2352\/revisions\/2949"}],"wp:attachment":[{"href":"https:\/\/xn--elrincndemargi-qob.com\/index.php\/wp-json\/wp\/v2\/media?parent=2352"}],"curies":[{"name":"wp","href":"https:\/\/api.w.org\/{rel}","templated":true}]}}