{"id":21,"date":"2022-10-29T20:06:08","date_gmt":"2022-10-29T20:06:08","guid":{"rendered":"https:\/\/xn--elrincndemargi-qob.com\/?page_id=21"},"modified":"2025-12-17T20:43:39","modified_gmt":"2025-12-17T20:43:39","slug":"sobre-mi","status":"publish","type":"page","link":"https:\/\/xn--elrincndemargi-qob.com\/index.php\/sobre-mi\/","title":{"rendered":"Sobre m\u00ed"},"content":{"rendered":"\t\t<div data-elementor-type=\"wp-page\" data-elementor-id=\"21\" class=\"elementor elementor-21\">\n\t\t\t\t\t\t<section class=\"elementor-section elementor-top-section elementor-element elementor-element-19c5530 elementor-section-boxed elementor-section-height-default elementor-section-height-default\" data-id=\"19c5530\" data-element_type=\"section\" data-e-type=\"section\">\n\t\t\t\t\t\t<div class=\"elementor-container elementor-column-gap-default\">\n\t\t\t\t\t<div class=\"elementor-column elementor-col-100 elementor-top-column elementor-element elementor-element-5cfc692\" data-id=\"5cfc692\" data-element_type=\"column\" data-e-type=\"column\">\n\t\t\t<div class=\"elementor-widget-wrap elementor-element-populated\">\n\t\t\t\t\t\t<div class=\"elementor-element elementor-element-4cfcd9e elementor-widget elementor-widget-heading\" data-id=\"4cfcd9e\" data-element_type=\"widget\" data-e-type=\"widget\" data-widget_type=\"heading.default\">\n\t\t\t\t<div class=\"elementor-widget-container\">\n\t\t\t\t\t<h2 class=\"elementor-heading-title elementor-size-default\">Sobre m\u00ed<\/h2>\t\t\t\t<\/div>\n\t\t\t\t<\/div>\n\t\t\t\t\t<\/div>\n\t\t<\/div>\n\t\t\t\t\t<\/div>\n\t\t<\/section>\n\t\t\t\t<section class=\"elementor-section elementor-top-section elementor-element elementor-element-e9f8434 elementor-section-boxed elementor-section-height-default elementor-section-height-default\" data-id=\"e9f8434\" data-element_type=\"section\" data-e-type=\"section\">\n\t\t\t\t\t\t<div class=\"elementor-container elementor-column-gap-default\">\n\t\t\t\t\t<div class=\"elementor-column elementor-col-33 elementor-top-column elementor-element elementor-element-40d1a89\" data-id=\"40d1a89\" data-element_type=\"column\" data-e-type=\"column\">\n\t\t\t<div class=\"elementor-widget-wrap elementor-element-populated\">\n\t\t\t\t\t\t<div class=\"elementor-element elementor-element-ded1984 elementor-widget elementor-widget-image\" data-id=\"ded1984\" data-element_type=\"widget\" data-e-type=\"widget\" data-widget_type=\"image.default\">\n\t\t\t\t<div class=\"elementor-widget-container\">\n\t\t\t\t\t\t\t\t\t\t\t\t\t\t\t<img fetchpriority=\"high\" decoding=\"async\" width=\"580\" height=\"773\" src=\"https:\/\/xn--elrincndemargi-qob.com\/wp-content\/uploads\/2022\/10\/20210915_163246-768x1024.jpg\" class=\"attachment-large size-large wp-image-24\" alt=\"\" srcset=\"https:\/\/xn--elrincndemargi-qob.com\/wp-content\/uploads\/2022\/10\/20210915_163246-768x1024.jpg 768w, https:\/\/xn--elrincndemargi-qob.com\/wp-content\/uploads\/2022\/10\/20210915_163246-225x300.jpg 225w, https:\/\/xn--elrincndemargi-qob.com\/wp-content\/uploads\/2022\/10\/20210915_163246-1152x1536.jpg 1152w, https:\/\/xn--elrincndemargi-qob.com\/wp-content\/uploads\/2022\/10\/20210915_163246-1536x2048.jpg 1536w, https:\/\/xn--elrincndemargi-qob.com\/wp-content\/uploads\/2022\/10\/20210915_163246-scaled.jpg 1920w\" sizes=\"(max-width: 580px) 100vw, 580px\" \/>\t\t\t\t\t\t\t\t\t\t\t\t\t\t\t<\/div>\n\t\t\t\t<\/div>\n\t\t\t\t\t<\/div>\n\t\t<\/div>\n\t\t\t\t<div class=\"elementor-column elementor-col-66 elementor-top-column elementor-element elementor-element-c1dcc53\" data-id=\"c1dcc53\" data-element_type=\"column\" data-e-type=\"column\">\n\t\t\t<div class=\"elementor-widget-wrap elementor-element-populated\">\n\t\t\t\t\t\t<div class=\"elementor-element elementor-element-76c05b7 elementor-widget elementor-widget-text-editor\" data-id=\"76c05b7\" data-element_type=\"widget\" data-e-type=\"widget\" data-widget_type=\"text-editor.default\">\n\t\t\t\t<div class=\"elementor-widget-container\">\n\t\t\t\t\t\t\t\t\t<p><span style=\"font-weight: 400;\">Marjaneh Vargas Barajas naci\u00f3 el 12 de Enero del 2001 en la Ciudad de M\u00e9xico. Desde la infancia tuvo un acercamiento a las artes visuales mediante el dibujo y las manualidades que realizaba en la iglesia cristiana a la que acud\u00eda su familia. Creci\u00f3 en Guadalajara y a los doce a\u00f1os se acerc\u00f3 a la lectura para escapar del estr\u00e9s y aburrimiento que le causaba la escuela, leyendo autores de fantas\u00eda como J. K. Rowling, o Christopher Paolini, quienes la inspiraron a comenzar a escribir sus propias historias de ciencia ficci\u00f3n, m\u00e1s tarde tuvo otras influencias como Rick Riordan, Raphael Draccon, Edgar Allan Poe y Madeleine L\u2019Engle.&nbsp;<\/span><\/p>\n<p><span style=\"font-weight: 400;\">Los temas principales de su l\u00ednea de trabajo giran en torno a la autodestrucci\u00f3n humana, la salud mental, la autolesi\u00f3n, y el suicidio, tanto en su producci\u00f3n literaria (novela, cuento, relato, o ensayo), como en su producci\u00f3n visual, en la cual experimenta con diversas t\u00e9cnicas como: Dibujo, pintura, ilustraci\u00f3n, grabado, escultura o v\u00eddeo.&nbsp;<\/span><\/p>\n<p><span style=\"font-weight: 400;\">El trabajo literario y visual de Marjaneh posee un tono personal al abordar sus propios problemas de salud mental, traumas de la infancia, e ideaci\u00f3n suicida. Ella encontr\u00f3 en el arte un refugio que ahora busca compartir con los dem\u00e1s, a partir de obras que generan conexiones con los lectores y espectadores, en las que estos pueden entretenerse, identificarse, sentirse mejor en sus malos momentos y superar problemas relacionados con la salud mental; del mismo modo busca ayudar tambi\u00e9n a personas suicidas, convenci\u00e9ndolos de no acabar con su propia vida.<\/span><\/p>\n<p><span style=\"font-weight: 400;\">Comenz\u00f3 publicando textos cortos en diversas revistas y antolog\u00edas literarias como Reverberante, Almicidio, Entre Par\u00e9ntesis, Miscel\u00e1nea Literaria, Mitote,&nbsp; Collhibr\u00ed, Puerta Escarlata, Albores&nbsp;<\/span>Caipell<span style=\"font-size: inherit; text-align: inherit; letter-spacing: -0.015em;\">, y Cisne. En el 2021 public\u00f3 en Amazon su primera novela de ciencia ficci\u00f3n bajo el t\u00edtulo \u201cMonocrosmos\u201d; y poco despu\u00e9s comenz\u00f3 a escribir un blog de autoayuda en internet: \u201cEl rinc\u00f3n de Margi\u201d.<\/span><\/p>\n<p><span style=\"font-weight: 400;\">En el 2023 public\u00f3 en Issuu la revista para la prevenci\u00f3n del suicidio \u201cEl manual del suicida\u201d, conformada por ilustraciones, cuentos y poemas de su autor\u00eda; y ese mismo a\u00f1o expuso obras visuales en el Congreso BiNacional de las fronteras Norte-Sur del performance y las artes vivas en Tijuana. En 2023 tambi\u00e9n hizo la curadur\u00eda de la exposici\u00f3n \u201cEcos de la Mente\u201d en La Facultad de Artes Visuales de la UANL, en la que reuni\u00f3 obras de estudiantes que abordaban el tema de las emociones y visibilizaban la salud mental.&nbsp;&nbsp;<\/span><\/p>\n<p><span style=\"font-weight: 400;\">En 2024 public\u00f3 en Amazon su libro de no ficci\u00f3n: \u201cArte para mi depresi\u00f3n: El arte para la salud mental y la prevenci\u00f3n del suicidio\u201d; que junto con su nuevo Blog en internet \u201cArte para mi depresi\u00f3n\u201d, buscaban explorar las propiedades curativas del arte en la depresi\u00f3n con el fin de sanar y prevenir el suicidio.<\/span><\/p>\n<p><span style=\"font-weight: 400;\">Es egresada de la licenciatura en Artes Visuales de la Facultad de Artes Visuales de la UANL. Actualmente contin\u00faa produciendo mientras explora los efectos de la literatura y el arte en la salud mental; sigue desarrollando sus t\u00e9cnicas art\u00edsticas y trabajando en nuevos libros, blogs, vol\u00famenes de \u201cEl Manual del suicida\u201d y obras visuales, todo con el fin de generar un impacto positivo en la salud mental y en la sociedad.&nbsp;<\/span><\/p>\n<p><\/p>\t\t\t\t\t\t\t\t<\/div>\n\t\t\t\t<\/div>\n\t\t\t\t\t<\/div>\n\t\t<\/div>\n\t\t\t\t\t<\/div>\n\t\t<\/section>\n\t\t\t\t<\/div>\n\t\t","protected":false},"excerpt":{"rendered":"<p>Sobre m\u00ed Marjaneh Vargas Barajas naci\u00f3 el 12 de Enero del 2001 en la Ciudad de M\u00e9xico. Desde la infancia tuvo un acercamiento a las artes visuales mediante el dibujo y las manualidades que realizaba en la iglesia cristiana a la que acud\u00eda su familia. Creci\u00f3 en Guadalajara y a los doce a\u00f1os se acerc\u00f3 [&hellip;]<\/p>\n","protected":false},"author":1,"featured_media":0,"parent":0,"menu_order":0,"comment_status":"closed","ping_status":"closed","template":"elementor_header_footer","meta":{"om_disable_all_campaigns":false,"_monsterinsights_skip_tracking":false,"_monsterinsights_sitenote_active":false,"_monsterinsights_sitenote_note":"","_monsterinsights_sitenote_category":0,"footnotes":""},"class_list":["post-21","page","type-page","status-publish","hentry"],"aioseo_notices":[],"_links":{"self":[{"href":"https:\/\/xn--elrincndemargi-qob.com\/index.php\/wp-json\/wp\/v2\/pages\/21","targetHints":{"allow":["GET"]}}],"collection":[{"href":"https:\/\/xn--elrincndemargi-qob.com\/index.php\/wp-json\/wp\/v2\/pages"}],"about":[{"href":"https:\/\/xn--elrincndemargi-qob.com\/index.php\/wp-json\/wp\/v2\/types\/page"}],"author":[{"embeddable":true,"href":"https:\/\/xn--elrincndemargi-qob.com\/index.php\/wp-json\/wp\/v2\/users\/1"}],"replies":[{"embeddable":true,"href":"https:\/\/xn--elrincndemargi-qob.com\/index.php\/wp-json\/wp\/v2\/comments?post=21"}],"version-history":[{"count":38,"href":"https:\/\/xn--elrincndemargi-qob.com\/index.php\/wp-json\/wp\/v2\/pages\/21\/revisions"}],"predecessor-version":[{"id":3088,"href":"https:\/\/xn--elrincndemargi-qob.com\/index.php\/wp-json\/wp\/v2\/pages\/21\/revisions\/3088"}],"wp:attachment":[{"href":"https:\/\/xn--elrincndemargi-qob.com\/index.php\/wp-json\/wp\/v2\/media?parent=21"}],"curies":[{"name":"wp","href":"https:\/\/api.w.org\/{rel}","templated":true}]}}

Sobre mí

<div data-elementor-type="wp-page" data-elementor-id="21" class="elementor elementor-21">
						<section class="elementor-section elementor-top-section elementor-element elementor-element-19c5530 elementor-section-boxed elementor-section-height-default elementor-section-height-default" data-id="19c5530" data-element_type="section" data-e-type="section">
						<div class="elementor-container elementor-column-gap-default">
					<div class="elementor-column elementor-col-100 elementor-top-column elementor-element elementor-element-5cfc692" data-id="5cfc692" data-element_type="column" data-e-type="column">
			<div class="elementor-widget-wrap elementor-element-populated">
						<div class="elementor-element elementor-element-4cfcd9e elementor-widget elementor-widget-heading" data-id="4cfcd9e" data-element_type="widget" data-e-type="widget" data-widget_type="heading.default">
				<div class="elementor-widget-container">
					<h2 class="elementor-heading-title elementor-size-default">Sobre mí</h2>				</div>
				</div>
					</div>
		</div>
					</div>
		</section>
				<section class="elementor-section elementor-top-section elementor-element elementor-element-e9f8434 elementor-section-boxed elementor-section-height-default elementor-section-height-default" data-id="e9f8434" data-element_type="section" data-e-type="section">
						<div class="elementor-container elementor-column-gap-default">
					<div class="elementor-column elementor-col-33 elementor-top-column elementor-element elementor-element-40d1a89" data-id="40d1a89" data-element_type="column" data-e-type="column">
			<div class="elementor-widget-wrap elementor-element-populated">
						<div class="elementor-element elementor-element-ded1984 elementor-widget elementor-widget-image" data-id="ded1984" data-element_type="widget" data-e-type="widget" data-widget_type="image.default">
				<div class="elementor-widget-container">
															<img fetchpriority="high" decoding="async" width="580" height="773" src="https://xn--elrincndemargi-qob.com/wp-content/uploads/2022/10/20210915_163246-768x1024.jpg" class="attachment-large size-large wp-image-24" alt="" srcset="https://xn--elrincndemargi-qob.com/wp-content/uploads/2022/10/20210915_163246-768x1024.jpg 768w, https://xn--elrincndemargi-qob.com/wp-content/uploads/2022/10/20210915_163246-225x300.jpg 225w, https://xn--elrincndemargi-qob.com/wp-content/uploads/2022/10/20210915_163246-1152x1536.jpg 1152w, https://xn--elrincndemargi-qob.com/wp-content/uploads/2022/10/20210915_163246-1536x2048.jpg 1536w, https://xn--elrincndemargi-qob.com/wp-content/uploads/2022/10/20210915_163246-scaled.jpg 1920w" sizes="(max-width: 580px) 100vw, 580px" />															</div>
				</div>
					</div>
		</div>
				<div class="elementor-column elementor-col-66 elementor-top-column elementor-element elementor-element-c1dcc53" data-id="c1dcc53" data-element_type="column" data-e-type="column">
			<div class="elementor-widget-wrap elementor-element-populated">
						<div class="elementor-element elementor-element-76c05b7 elementor-widget elementor-widget-text-editor" data-id="76c05b7" data-element_type="widget" data-e-type="widget" data-widget_type="text-editor.default">
				<div class="elementor-widget-container">
									<p><span style="font-weight: 400;">Marjaneh Vargas Barajas nació el 12 de Enero del 2001 en la Ciudad de México. Desde la infancia tuvo un acercamiento a las artes visuales mediante el dibujo y las manualidades que realizaba en la iglesia cristiana a la que acudía su familia. Creció en Guadalajara y a los doce años se acercó a la lectura para escapar del estrés y aburrimiento que le causaba la escuela, leyendo autores de fantasía como J. K. Rowling, o Christopher Paolini, quienes la inspiraron a comenzar a escribir sus propias historias de ciencia ficción, más tarde tuvo otras influencias como Rick Riordan, Raphael Draccon, Edgar Allan Poe y Madeleine L’Engle.&nbsp;</span></p>
<p><span style="font-weight: 400;">Los temas principales de su línea de trabajo giran en torno a la autodestrucción humana, la salud mental, la autolesión, y el suicidio, tanto en su producción literaria (novela, cuento, relato, o ensayo), como en su producción visual, en la cual experimenta con diversas técnicas como: Dibujo, pintura, ilustración, grabado, escultura o vídeo.&nbsp;</span></p>
<p><span style="font-weight: 400;">El trabajo literario y visual de Marjaneh posee un tono personal al abordar sus propios problemas de salud mental, traumas de la infancia, e ideación suicida. Ella encontró en el arte un refugio que ahora busca compartir con los demás, a partir de obras que generan conexiones con los lectores y espectadores, en las que estos pueden entretenerse, identificarse, sentirse mejor en sus malos momentos y superar problemas relacionados con la salud mental; del mismo modo busca ayudar también a personas suicidas, convenciéndolos de no acabar con su propia vida.</span></p>
<p><span style="font-weight: 400;">Comenzó publicando textos cortos en diversas revistas y antologías literarias como Reverberante, Almicidio, Entre Paréntesis, Miscelánea Literaria, Mitote,&nbsp; Collhibrí, Puerta Escarlata, Albores&nbsp;</span>Caipell<span style="font-size: inherit; text-align: inherit; letter-spacing: -0.015em;">, y Cisne. En el 2021 publicó en Amazon su primera novela de ciencia ficción bajo el título “Monocrosmos”; y poco después comenzó a escribir un blog de autoayuda en internet: “El rincón de Margi”.</span></p>
<p><span style="font-weight: 400;">En el 2023 publicó en Issuu la revista para la prevención del suicidio “El manual del suicida”, conformada por ilustraciones, cuentos y poemas de su autoría; y ese mismo año expuso obras visuales en el Congreso BiNacional de las fronteras Norte-Sur del performance y las artes vivas en Tijuana. En 2023 también hizo la curaduría de la exposición “Ecos de la Mente” en La Facultad de Artes Visuales de la UANL, en la que reunió obras de estudiantes que abordaban el tema de las emociones y visibilizaban la salud mental.&nbsp;&nbsp;</span></p>
<p><span style="font-weight: 400;">En 2024 publicó en Amazon su libro de no ficción: “Arte para mi depresión: El arte para la salud mental y la prevención del suicidio”; que junto con su nuevo Blog en internet “Arte para mi depresión”, buscaban explorar las propiedades curativas del arte en la depresión con el fin de sanar y prevenir el suicidio.</span></p>
<p><span style="font-weight: 400;">Es egresada de la licenciatura en Artes Visuales de la Facultad de Artes Visuales de la UANL. Actualmente continúa produciendo mientras explora los efectos de la literatura y el arte en la salud mental; sigue desarrollando sus técnicas artísticas y trabajando en nuevos libros, blogs, volúmenes de “El Manual del suicida” y obras visuales, todo con el fin de generar un impacto positivo en la salud mental y en la sociedad.&nbsp;</span></p>
<p></p>								</div>
				</div>
					</div>
		</div>
					</div>
		</section>
				</div>

<p>Sobre mí Marjaneh Vargas Barajas nació el 12 de Enero del 2001 en la Ciudad de México. Desde la infancia tuvo un acercamiento a las artes visuales mediante el dibujo y las manualidades que realizaba en la iglesia cristiana a la que acudía su familia. Creció en Guadalajara y a los doce años se acercó [&hellip;]</p>
