{"id":153,"date":"2022-10-29T22:28:01","date_gmt":"2022-10-29T22:28:01","guid":{"rendered":"https:\/\/xn--elrincndemargi-qob.com\/?page_id=153"},"modified":"2023-10-22T20:21:12","modified_gmt":"2023-10-22T20:21:12","slug":"los-piratas-con-poder","status":"publish","type":"page","link":"https:\/\/xn--elrincndemargi-qob.com\/index.php\/los-piratas-con-poder\/","title":{"rendered":"Los piratas con poder"},"content":{"rendered":"\t\t<div data-elementor-type=\"wp-page\" data-elementor-id=\"153\" class=\"elementor elementor-153\">\n\t\t\t\t\t\t<section class=\"elementor-section elementor-top-section elementor-element elementor-element-412cf37 elementor-section-boxed elementor-section-height-default elementor-section-height-default\" data-id=\"412cf37\" data-element_type=\"section\" data-e-type=\"section\">\n\t\t\t\t\t\t<div class=\"elementor-container elementor-column-gap-default\">\n\t\t\t\t\t<div class=\"elementor-column elementor-col-100 elementor-top-column elementor-element elementor-element-f49d92f\" data-id=\"f49d92f\" data-element_type=\"column\" data-e-type=\"column\">\n\t\t\t<div class=\"elementor-widget-wrap elementor-element-populated\">\n\t\t\t\t\t\t<div class=\"elementor-element elementor-element-ade56e4 elementor-widget elementor-widget-text-editor\" data-id=\"ade56e4\" data-element_type=\"widget\" data-e-type=\"widget\" data-widget_type=\"text-editor.default\">\n\t\t\t\t<div class=\"elementor-widget-container\">\n\t\t\t\t\t\t\t\t\t<p><span style=\"font-weight: 400;\">Colombia es un pa\u00eds que ha sido fuertemente azotado por una crisis sanitaria <\/span><span style=\"font-weight: 400;\">debido a la pandemia, as\u00ed como una econ\u00f3mica debido a la mala gesti\u00f3n <\/span><span style=\"font-weight: 400;\">gubernamental. El presente trabajo plantea algunos de los muchos casos que <\/span><span style=\"font-weight: 400;\">reflejan c\u00f3mo el abuso de las autoridades ha estallado en una ola de violencia <\/span><span style=\"font-weight: 400;\">que rebasa todos los problemas por los que hab\u00eda pasado el pa\u00eds anteriormente, <\/span><span style=\"font-weight: 400;\">ya que ahora m\u00e1s que nunca el gobierno ha demostrado que no le importan los <\/span><span style=\"font-weight: 400;\">derechos humanos de los colombianos.<\/span><\/p><p><span style=\"font-weight: 400;\">Fue publicado por la revista Cisne y puedes encontrarlo aqu\u00ed:<\/span><\/p>\t\t\t\t\t\t\t\t<\/div>\n\t\t\t\t<\/div>\n\t\t\t\t\t<\/div>\n\t\t<\/div>\n\t\t\t\t\t<\/div>\n\t\t<\/section>\n\t\t\t\t<section class=\"elementor-section elementor-top-section elementor-element elementor-element-f2c7c30 elementor-section-boxed elementor-section-height-default elementor-section-height-default\" data-id=\"f2c7c30\" data-element_type=\"section\" data-e-type=\"section\">\n\t\t\t\t\t\t<div class=\"elementor-container elementor-column-gap-default\">\n\t\t\t\t\t<div class=\"elementor-column elementor-col-100 elementor-top-column elementor-element elementor-element-91d23a6\" data-id=\"91d23a6\" data-element_type=\"column\" data-e-type=\"column\">\n\t\t\t<div class=\"elementor-widget-wrap elementor-element-populated\">\n\t\t\t\t\t\t<div class=\"elementor-element elementor-element-7bb9c25 elementor-align-center elementor-widget elementor-widget-button\" data-id=\"7bb9c25\" data-element_type=\"widget\" data-e-type=\"widget\" data-widget_type=\"button.default\">\n\t\t\t\t<div class=\"elementor-widget-container\">\n\t\t\t\t\t\t\t\t\t<div class=\"elementor-button-wrapper\">\n\t\t\t\t\t<a class=\"elementor-button elementor-button-link elementor-size-sm\" href=\"https:\/\/www.facebook.com\/Cisnerevista\/posts\/328803108690633\">\n\t\t\t\t\t\t<span class=\"elementor-button-content-wrapper\">\n\t\t\t\t\t\t\t\t\t<span class=\"elementor-button-text\">Haz clic aqu\u00ed<\/span>\n\t\t\t\t\t<\/span>\n\t\t\t\t\t<\/a>\n\t\t\t\t<\/div>\n\t\t\t\t\t\t\t\t<\/div>\n\t\t\t\t<\/div>\n\t\t\t\t\t<\/div>\n\t\t<\/div>\n\t\t\t\t\t<\/div>\n\t\t<\/section>\n\t\t\t\t<\/div>\n\t\t","protected":false},"excerpt":{"rendered":"<p>Colombia es un pa\u00eds que ha sido fuertemente azotado por una crisis sanitaria debido a la pandemia, as\u00ed como una econ\u00f3mica debido a la mala gesti\u00f3n gubernamental. El presente trabajo plantea algunos de los muchos casos que reflejan c\u00f3mo el abuso de las autoridades ha estallado en una ola de violencia que rebasa todos los [&hellip;]<\/p>\n","protected":false},"author":1,"featured_media":42,"parent":0,"menu_order":0,"comment_status":"closed","ping_status":"closed","template":"","meta":{"om_disable_all_campaigns":false,"_monsterinsights_skip_tracking":false,"_monsterinsights_sitenote_active":false,"_monsterinsights_sitenote_note":"","_monsterinsights_sitenote_category":0,"footnotes":""},"class_list":["post-153","page","type-page","status-publish","has-post-thumbnail","hentry"],"aioseo_notices":[],"_links":{"self":[{"href":"https:\/\/xn--elrincndemargi-qob.com\/index.php\/wp-json\/wp\/v2\/pages\/153","targetHints":{"allow":["GET"]}}],"collection":[{"href":"https:\/\/xn--elrincndemargi-qob.com\/index.php\/wp-json\/wp\/v2\/pages"}],"about":[{"href":"https:\/\/xn--elrincndemargi-qob.com\/index.php\/wp-json\/wp\/v2\/types\/page"}],"author":[{"embeddable":true,"href":"https:\/\/xn--elrincndemargi-qob.com\/index.php\/wp-json\/wp\/v2\/users\/1"}],"replies":[{"embeddable":true,"href":"https:\/\/xn--elrincndemargi-qob.com\/index.php\/wp-json\/wp\/v2\/comments?post=153"}],"version-history":[{"count":23,"href":"https:\/\/xn--elrincndemargi-qob.com\/index.php\/wp-json\/wp\/v2\/pages\/153\/revisions"}],"predecessor-version":[{"id":1511,"href":"https:\/\/xn--elrincndemargi-qob.com\/index.php\/wp-json\/wp\/v2\/pages\/153\/revisions\/1511"}],"wp:featuredmedia":[{"embeddable":true,"href":"https:\/\/xn--elrincndemargi-qob.com\/index.php\/wp-json\/wp\/v2\/media\/42"}],"wp:attachment":[{"href":"https:\/\/xn--elrincndemargi-qob.com\/index.php\/wp-json\/wp\/v2\/media?parent=153"}],"curies":[{"name":"wp","href":"https:\/\/api.w.org\/{rel}","templated":true}]}}

<div data-elementor-type="wp-page" data-elementor-id="153" class="elementor elementor-153">
						<section class="elementor-section elementor-top-section elementor-element elementor-element-412cf37 elementor-section-boxed elementor-section-height-default elementor-section-height-default" data-id="412cf37" data-element_type="section" data-e-type="section">
						<div class="elementor-container elementor-column-gap-default">
					<div class="elementor-column elementor-col-100 elementor-top-column elementor-element elementor-element-f49d92f" data-id="f49d92f" data-element_type="column" data-e-type="column">
			<div class="elementor-widget-wrap elementor-element-populated">
						<div class="elementor-element elementor-element-ade56e4 elementor-widget elementor-widget-text-editor" data-id="ade56e4" data-element_type="widget" data-e-type="widget" data-widget_type="text-editor.default">
				<div class="elementor-widget-container">
									<p><span style="font-weight: 400;">Colombia es un país que ha sido fuertemente azotado por una crisis sanitaria </span><span style="font-weight: 400;">debido a la pandemia, así como una económica debido a la mala gestión </span><span style="font-weight: 400;">gubernamental. El presente trabajo plantea algunos de los muchos casos que </span><span style="font-weight: 400;">reflejan cómo el abuso de las autoridades ha estallado en una ola de violencia </span><span style="font-weight: 400;">que rebasa todos los problemas por los que había pasado el país anteriormente, </span><span style="font-weight: 400;">ya que ahora más que nunca el gobierno ha demostrado que no le importan los </span><span style="font-weight: 400;">derechos humanos de los colombianos.</span></p><p><span style="font-weight: 400;">Fue publicado por la revista Cisne y puedes encontrarlo aquí:</span></p>								</div>
				</div>
					</div>
		</div>
					</div>
		</section>
				<section class="elementor-section elementor-top-section elementor-element elementor-element-f2c7c30 elementor-section-boxed elementor-section-height-default elementor-section-height-default" data-id="f2c7c30" data-element_type="section" data-e-type="section">
						<div class="elementor-container elementor-column-gap-default">
					<div class="elementor-column elementor-col-100 elementor-top-column elementor-element elementor-element-91d23a6" data-id="91d23a6" data-element_type="column" data-e-type="column">
			<div class="elementor-widget-wrap elementor-element-populated">
						<div class="elementor-element elementor-element-7bb9c25 elementor-align-center elementor-widget elementor-widget-button" data-id="7bb9c25" data-element_type="widget" data-e-type="widget" data-widget_type="button.default">
				<div class="elementor-widget-container">
									<div class="elementor-button-wrapper">
					<a class="elementor-button elementor-button-link elementor-size-sm" href="https://www.facebook.com/Cisnerevista/posts/328803108690633">
						<span class="elementor-button-content-wrapper">
									<span class="elementor-button-text">Haz clic aquí</span>
					</span>
					</a>
				</div>
								</div>
				</div>
					</div>
		</div>
					</div>
		</section>
				</div>

<p>Colombia es un país que ha sido fuertemente azotado por una crisis sanitaria debido a la pandemia, así como una económica debido a la mala gestión gubernamental. El presente trabajo plantea algunos de los muchos casos que reflejan cómo el abuso de las autoridades ha estallado en una ola de violencia que rebasa todos los [&hellip;]</p>
